{"id":854,"date":"2025-01-04T13:13:34","date_gmt":"2025-01-04T13:13:34","guid":{"rendered":"https:\/\/teatrodamaluca.pt\/?page_id=854"},"modified":"2025-01-13T12:36:25","modified_gmt":"2025-01-13T12:36:25","slug":"workshop-de-contadores-de-historias","status":"publish","type":"page","link":"https:\/\/teatrodamaluca.pt\/index.php\/workshop-de-contadores-de-historias\/","title":{"rendered":"WORKSHOP DE CONTADORES DE HIST\u00d3RIAS"},"content":{"rendered":"\n<h1 class=\"wp-block-heading has-text-align-center has-raft-accent-color has-text-color has-link-color wp-elements-d4b9f1bbe9ca35abc19066bd1029200b\" style=\"font-size:35px\">WORKSHOP DE CONTADORES DE HIST\u00d3RIAS<\/h1>\n\n\n\n<figure class=\"wp-block-image aligncenter size-large is-resized\"><img loading=\"lazy\" decoding=\"async\" width=\"1024\" height=\"683\" src=\"https:\/\/teatrodamaluca.pt\/wp-content\/uploads\/2024\/12\/IMG_1256-Aprimorado-NR-1024x683.jpg\" alt=\"Maria Jo\u00e3o Miguel Contadora de hist\u00f3ria\" class=\"wp-image-642\" style=\"width:275px;height:auto\" srcset=\"https:\/\/teatrodamaluca.pt\/wp-content\/uploads\/2024\/12\/IMG_1256-Aprimorado-NR-1024x683.jpg 1024w, https:\/\/teatrodamaluca.pt\/wp-content\/uploads\/2024\/12\/IMG_1256-Aprimorado-NR-300x200.jpg 300w, https:\/\/teatrodamaluca.pt\/wp-content\/uploads\/2024\/12\/IMG_1256-Aprimorado-NR-768x512.jpg 768w, https:\/\/teatrodamaluca.pt\/wp-content\/uploads\/2024\/12\/IMG_1256-Aprimorado-NR-1536x1024.jpg 1536w, https:\/\/teatrodamaluca.pt\/wp-content\/uploads\/2024\/12\/IMG_1256-Aprimorado-NR-2048x1365.jpg 2048w\" sizes=\"auto, (max-width: 1024px) 100vw, 1024px\" \/><\/figure>\n\n\n\n<p style=\"line-height:1.6\">No Teatro da Maluca realizamos um Workshop para Contadores de Hist\u00f3rias.<\/p>\n\n\n\n<p style=\"line-height:1.6\">Se queres aprender a arte de comunicar e de contar hist\u00f3rias, espreita o programa e contacta-nos!<\/p>\n\n\n\n<p class=\"has-raft-accent-color has-text-color has-link-color wp-elements-a91d7e42a9925f5c5370aafd8cb4b246\" style=\"font-size:30px;line-height:1.6\">Pr\u00f3ximo workshop:<\/p>\n\n\n\n<p class=\"has-raft-accent-secondary-color has-text-color has-link-color wp-elements-1a5deee6b279309a4941e0888fa6035a\" style=\"font-size:20px;line-height:1.6\"><strong>FEVEREIRO 2025<\/strong><\/p>\n\n\n\n<p class=\"has-raft-accent-secondary-color has-text-color has-link-color wp-elements-f02f5c05419b14bb82fb14a361a994a0\" style=\"font-size:20px;line-height:1.6\">9 e 16 de FEVEREIRO 10 \u00e0s 17h<\/p>\n\n\n\n<p style=\"line-height:1.6\">a partir dos 16 anos<\/p>\n\n\n\n<p class=\"has-raft-accent-secondary-color has-text-color has-link-color wp-elements-075830835cda4234651c5b35006ae267\" style=\"line-height:1.6\"><strong>FORMADORA &#8211; <\/strong><a href=\"https:\/\/teatrodamaluca.pt\/index.php\/maria-joao-miguel\/\">Maria Jo\u00e3o Miguel<\/a> (formadora acreditada pela Universidade do Minho e com CCP)<\/p>\n\n\n\n<p style=\"line-height:1.6\">Lota\u00e7\u00e3o \u2013 12 participantes<\/p>\n\n\n\n<p style=\"line-height:1.6\">Valor \u2013 65\u20ac (seguro inclu\u00eddo) \u2013 refei\u00e7\u00f5es n\u00e3o inclu\u00eddas<\/p>\n\n\n\n<p><em>( Desconto de 10% para irm\u00e3os<\/em> e <em>alunos das Oficinas Anuais <\/em>)<\/p>\n\n\n\n<p><\/p>\n\n\n\n<h2 class=\"wp-block-heading\" style=\"font-size:22px;line-height:1.6;text-decoration:underline\">Programa Workshop de Contadores de Hist\u00f3rias<\/h2>\n\n\n\n<div data-wp-interactive=\"core\/file\" class=\"wp-block-file\"><object data-wp-bind--hidden=\"!state.hasPdfPreview\" hidden class=\"wp-block-file__embed\" data=\"https:\/\/teatrodamaluca.pt\/wp-content\/uploads\/2024\/12\/workshop-CONTADORES-DE-HISTORIAS-2.pdf\" type=\"application\/pdf\" style=\"width:100%;height:410px\" aria-label=\"Incorpora\u00e7\u00e3o de workshop CONTADORES DE HIST\u00d3RIAS (2).\"><\/object><a id=\"wp-block-file--media-b5b6bda7-145d-4158-9399-a85b2ae9f3fb\" href=\"https:\/\/teatrodamaluca.pt\/wp-content\/uploads\/2024\/12\/workshop-CONTADORES-DE-HISTORIAS-2.pdf\">workshop CONTADORES DE HIST\u00d3RIAS (2)<\/a><a href=\"https:\/\/teatrodamaluca.pt\/wp-content\/uploads\/2024\/12\/workshop-CONTADORES-DE-HISTORIAS-2.pdf\" class=\"wp-block-file__button wp-element-button\" download aria-describedby=\"wp-block-file--media-b5b6bda7-145d-4158-9399-a85b2ae9f3fb\">Descarregar<\/a><\/div>\n\n\n\n<p><\/p>\n","protected":false},"excerpt":{"rendered":"<p>WORKSHOP DE CONTADORES DE HIST\u00d3RIAS No Teatro da Maluca realizamos um Workshop para Contadores de Hist\u00f3rias. Se queres aprender a arte de comunicar e de contar hist\u00f3rias, espreita o programa e contacta-nos! Pr\u00f3ximo workshop: FEVEREIRO 2025 9 e 16 de FEVEREIRO 10 \u00e0s 17h a partir dos 16 anos FORMADORA &#8211; Maria Jo\u00e3o Miguel (formadora [&hellip;]<\/p>\n","protected":false},"author":1,"featured_media":0,"parent":0,"menu_order":0,"comment_status":"closed","ping_status":"closed","template":"","meta":{"_themeisle_gutenberg_block_has_review":false,"footnotes":""},"class_list":["post-854","page","type-page","status-publish","hentry"],"yoast_head":"<!-- This site is optimized with the Yoast SEO plugin v25.1 - https:\/\/yoast.com\/wordpress\/plugins\/seo\/ -->\n<title>WORKSHOP DE CONTADORES DE HIST\u00d3RIAS - Teatro da Maluca<\/title>\n<meta name=\"description\" content=\"No Teatro da Maluca realizamos um Workshop de Contadores de Hist\u00f3rias. Vem conhecer o nosso programa. Formadora Maria Jo\u00e3o Miguel\" \/>\n<meta name=\"robots\" content=\"index, follow, max-snippet:-1, max-image-preview:large, max-video-preview:-1\" \/>\n<link rel=\"canonical\" href=\"https:\/\/teatrodamaluca.pt\/index.php\/workshop-de-contadores-de-historias\/\" \/>\n<meta property=\"og:locale\" content=\"pt_PT\" \/>\n<meta property=\"og:type\" content=\"article\" \/>\n<meta property=\"og:title\" content=\"WORKSHOP DE CONTADORES DE HIST\u00d3RIAS - Teatro da Maluca\" \/>\n<meta property=\"og:description\" content=\"No Teatro da Maluca realizamos um Workshop de Contadores de Hist\u00f3rias. Vem conhecer o nosso programa. Formadora Maria Jo\u00e3o Miguel\" \/>\n<meta property=\"og:url\" content=\"https:\/\/teatrodamaluca.pt\/index.php\/workshop-de-contadores-de-historias\/\" \/>\n<meta property=\"og:site_name\" content=\"Teatro da Maluca\" \/>\n<meta property=\"article:publisher\" content=\"https:\/\/www.facebook.com\/TeatrodaMaluca\/\" \/>\n<meta property=\"article:modified_time\" content=\"2025-01-13T12:36:25+00:00\" \/>\n<meta property=\"og:image\" content=\"https:\/\/teatrodamaluca.pt\/wp-content\/uploads\/2024\/12\/IMG_1256-Aprimorado-NR-scaled.jpg\" \/>\n\t<meta property=\"og:image:width\" content=\"2560\" \/>\n\t<meta property=\"og:image:height\" content=\"1707\" \/>\n\t<meta property=\"og:image:type\" content=\"image\/jpeg\" \/>\n<meta name=\"twitter:card\" content=\"summary_large_image\" \/>\n<meta name=\"twitter:label1\" content=\"Tempo estimado de leitura\" \/>\n\t<meta name=\"twitter:data1\" content=\"1 minuto\" \/>\n<script type=\"application\/ld+json\" class=\"yoast-schema-graph\">{\"@context\":\"https:\/\/schema.org\",\"@graph\":[{\"@type\":\"WebPage\",\"@id\":\"https:\/\/teatrodamaluca.pt\/index.php\/workshop-de-contadores-de-historias\/\",\"url\":\"https:\/\/teatrodamaluca.pt\/index.php\/workshop-de-contadores-de-historias\/\",\"name\":\"WORKSHOP DE CONTADORES DE HIST\u00d3RIAS - Teatro da Maluca\",\"isPartOf\":{\"@id\":\"https:\/\/teatrodamaluca.pt\/#website\"},\"primaryImageOfPage\":{\"@id\":\"https:\/\/teatrodamaluca.pt\/index.php\/workshop-de-contadores-de-historias\/#primaryimage\"},\"image\":{\"@id\":\"https:\/\/teatrodamaluca.pt\/index.php\/workshop-de-contadores-de-historias\/#primaryimage\"},\"thumbnailUrl\":\"https:\/\/teatrodamaluca.pt\/wp-content\/uploads\/2024\/12\/IMG_1256-Aprimorado-NR-1024x683.jpg\",\"datePublished\":\"2025-01-04T13:13:34+00:00\",\"dateModified\":\"2025-01-13T12:36:25+00:00\",\"description\":\"No Teatro da Maluca realizamos um Workshop de Contadores de Hist\u00f3rias. Vem conhecer o nosso programa. Formadora Maria Jo\u00e3o Miguel\",\"breadcrumb\":{\"@id\":\"https:\/\/teatrodamaluca.pt\/index.php\/workshop-de-contadores-de-historias\/#breadcrumb\"},\"inLanguage\":\"pt-PT\",\"potentialAction\":[{\"@type\":\"ReadAction\",\"target\":[\"https:\/\/teatrodamaluca.pt\/index.php\/workshop-de-contadores-de-historias\/\"]}]},{\"@type\":\"ImageObject\",\"inLanguage\":\"pt-PT\",\"@id\":\"https:\/\/teatrodamaluca.pt\/index.php\/workshop-de-contadores-de-historias\/#primaryimage\",\"url\":\"https:\/\/teatrodamaluca.pt\/wp-content\/uploads\/2024\/12\/IMG_1256-Aprimorado-NR-scaled.jpg\",\"contentUrl\":\"https:\/\/teatrodamaluca.pt\/wp-content\/uploads\/2024\/12\/IMG_1256-Aprimorado-NR-scaled.jpg\",\"width\":2560,\"height\":1707},{\"@type\":\"BreadcrumbList\",\"@id\":\"https:\/\/teatrodamaluca.pt\/index.php\/workshop-de-contadores-de-historias\/#breadcrumb\",\"itemListElement\":[{\"@type\":\"ListItem\",\"position\":1,\"name\":\"In\u00edcio\",\"item\":\"https:\/\/teatrodamaluca.pt\/\"},{\"@type\":\"ListItem\",\"position\":2,\"name\":\"WORKSHOP DE CONTADORES DE HIST\u00d3RIAS\"}]},{\"@type\":\"WebSite\",\"@id\":\"https:\/\/teatrodamaluca.pt\/#website\",\"url\":\"https:\/\/teatrodamaluca.pt\/\",\"name\":\"Teatro da Maluca\",\"description\":\"Oficinas de Teatro para todas as idades, sess\u00f5es de contos e espet\u00e1culos\",\"publisher\":{\"@id\":\"https:\/\/teatrodamaluca.pt\/#organization\"},\"potentialAction\":[{\"@type\":\"SearchAction\",\"target\":{\"@type\":\"EntryPoint\",\"urlTemplate\":\"https:\/\/teatrodamaluca.pt\/?s={search_term_string}\"},\"query-input\":{\"@type\":\"PropertyValueSpecification\",\"valueRequired\":true,\"valueName\":\"search_term_string\"}}],\"inLanguage\":\"pt-PT\"},{\"@type\":\"Organization\",\"@id\":\"https:\/\/teatrodamaluca.pt\/#organization\",\"name\":\"Teatro da Maluca\",\"url\":\"https:\/\/teatrodamaluca.pt\/\",\"logo\":{\"@type\":\"ImageObject\",\"inLanguage\":\"pt-PT\",\"@id\":\"https:\/\/teatrodamaluca.pt\/#\/schema\/logo\/image\/\",\"url\":\"https:\/\/teatrodamaluca.pt\/wp-content\/uploads\/2024\/06\/z1717082033-1.png\",\"contentUrl\":\"https:\/\/teatrodamaluca.pt\/wp-content\/uploads\/2024\/06\/z1717082033-1.png\",\"width\":512,\"height\":512,\"caption\":\"Teatro da Maluca\"},\"image\":{\"@id\":\"https:\/\/teatrodamaluca.pt\/#\/schema\/logo\/image\/\"},\"sameAs\":[\"https:\/\/www.facebook.com\/TeatrodaMaluca\/\"]}]}<\/script>\n<!-- \/ Yoast SEO plugin. -->","yoast_head_json":{"title":"WORKSHOP DE CONTADORES DE HIST\u00d3RIAS - Teatro da Maluca","description":"No Teatro da Maluca realizamos um Workshop de Contadores de Hist\u00f3rias. Vem conhecer o nosso programa. Formadora Maria Jo\u00e3o Miguel","robots":{"index":"index","follow":"follow","max-snippet":"max-snippet:-1","max-image-preview":"max-image-preview:large","max-video-preview":"max-video-preview:-1"},"canonical":"https:\/\/teatrodamaluca.pt\/index.php\/workshop-de-contadores-de-historias\/","og_locale":"pt_PT","og_type":"article","og_title":"WORKSHOP DE CONTADORES DE HIST\u00d3RIAS - Teatro da Maluca","og_description":"No Teatro da Maluca realizamos um Workshop de Contadores de Hist\u00f3rias. Vem conhecer o nosso programa. Formadora Maria Jo\u00e3o Miguel","og_url":"https:\/\/teatrodamaluca.pt\/index.php\/workshop-de-contadores-de-historias\/","og_site_name":"Teatro da Maluca","article_publisher":"https:\/\/www.facebook.com\/TeatrodaMaluca\/","article_modified_time":"2025-01-13T12:36:25+00:00","og_image":[{"width":2560,"height":1707,"url":"https:\/\/teatrodamaluca.pt\/wp-content\/uploads\/2024\/12\/IMG_1256-Aprimorado-NR-scaled.jpg","type":"image\/jpeg"}],"twitter_card":"summary_large_image","twitter_misc":{"Tempo estimado de leitura":"1 minuto"},"schema":{"@context":"https:\/\/schema.org","@graph":[{"@type":"WebPage","@id":"https:\/\/teatrodamaluca.pt\/index.php\/workshop-de-contadores-de-historias\/","url":"https:\/\/teatrodamaluca.pt\/index.php\/workshop-de-contadores-de-historias\/","name":"WORKSHOP DE CONTADORES DE HIST\u00d3RIAS - Teatro da Maluca","isPartOf":{"@id":"https:\/\/teatrodamaluca.pt\/#website"},"primaryImageOfPage":{"@id":"https:\/\/teatrodamaluca.pt\/index.php\/workshop-de-contadores-de-historias\/#primaryimage"},"image":{"@id":"https:\/\/teatrodamaluca.pt\/index.php\/workshop-de-contadores-de-historias\/#primaryimage"},"thumbnailUrl":"https:\/\/teatrodamaluca.pt\/wp-content\/uploads\/2024\/12\/IMG_1256-Aprimorado-NR-1024x683.jpg","datePublished":"2025-01-04T13:13:34+00:00","dateModified":"2025-01-13T12:36:25+00:00","description":"No Teatro da Maluca realizamos um Workshop de Contadores de Hist\u00f3rias. Vem conhecer o nosso programa. Formadora Maria Jo\u00e3o Miguel","breadcrumb":{"@id":"https:\/\/teatrodamaluca.pt\/index.php\/workshop-de-contadores-de-historias\/#breadcrumb"},"inLanguage":"pt-PT","potentialAction":[{"@type":"ReadAction","target":["https:\/\/teatrodamaluca.pt\/index.php\/workshop-de-contadores-de-historias\/"]}]},{"@type":"ImageObject","inLanguage":"pt-PT","@id":"https:\/\/teatrodamaluca.pt\/index.php\/workshop-de-contadores-de-historias\/#primaryimage","url":"https:\/\/teatrodamaluca.pt\/wp-content\/uploads\/2024\/12\/IMG_1256-Aprimorado-NR-scaled.jpg","contentUrl":"https:\/\/teatrodamaluca.pt\/wp-content\/uploads\/2024\/12\/IMG_1256-Aprimorado-NR-scaled.jpg","width":2560,"height":1707},{"@type":"BreadcrumbList","@id":"https:\/\/teatrodamaluca.pt\/index.php\/workshop-de-contadores-de-historias\/#breadcrumb","itemListElement":[{"@type":"ListItem","position":1,"name":"In\u00edcio","item":"https:\/\/teatrodamaluca.pt\/"},{"@type":"ListItem","position":2,"name":"WORKSHOP DE CONTADORES DE HIST\u00d3RIAS"}]},{"@type":"WebSite","@id":"https:\/\/teatrodamaluca.pt\/#website","url":"https:\/\/teatrodamaluca.pt\/","name":"Teatro da Maluca","description":"Oficinas de Teatro para todas as idades, sess\u00f5es de contos e espet\u00e1culos","publisher":{"@id":"https:\/\/teatrodamaluca.pt\/#organization"},"potentialAction":[{"@type":"SearchAction","target":{"@type":"EntryPoint","urlTemplate":"https:\/\/teatrodamaluca.pt\/?s={search_term_string}"},"query-input":{"@type":"PropertyValueSpecification","valueRequired":true,"valueName":"search_term_string"}}],"inLanguage":"pt-PT"},{"@type":"Organization","@id":"https:\/\/teatrodamaluca.pt\/#organization","name":"Teatro da Maluca","url":"https:\/\/teatrodamaluca.pt\/","logo":{"@type":"ImageObject","inLanguage":"pt-PT","@id":"https:\/\/teatrodamaluca.pt\/#\/schema\/logo\/image\/","url":"https:\/\/teatrodamaluca.pt\/wp-content\/uploads\/2024\/06\/z1717082033-1.png","contentUrl":"https:\/\/teatrodamaluca.pt\/wp-content\/uploads\/2024\/06\/z1717082033-1.png","width":512,"height":512,"caption":"Teatro da Maluca"},"image":{"@id":"https:\/\/teatrodamaluca.pt\/#\/schema\/logo\/image\/"},"sameAs":["https:\/\/www.facebook.com\/TeatrodaMaluca\/"]}]}},"_links":{"self":[{"href":"https:\/\/teatrodamaluca.pt\/index.php\/wp-json\/wp\/v2\/pages\/854","targetHints":{"allow":["GET"]}}],"collection":[{"href":"https:\/\/teatrodamaluca.pt\/index.php\/wp-json\/wp\/v2\/pages"}],"about":[{"href":"https:\/\/teatrodamaluca.pt\/index.php\/wp-json\/wp\/v2\/types\/page"}],"author":[{"embeddable":true,"href":"https:\/\/teatrodamaluca.pt\/index.php\/wp-json\/wp\/v2\/users\/1"}],"replies":[{"embeddable":true,"href":"https:\/\/teatrodamaluca.pt\/index.php\/wp-json\/wp\/v2\/comments?post=854"}],"version-history":[{"count":4,"href":"https:\/\/teatrodamaluca.pt\/index.php\/wp-json\/wp\/v2\/pages\/854\/revisions"}],"predecessor-version":[{"id":1161,"href":"https:\/\/teatrodamaluca.pt\/index.php\/wp-json\/wp\/v2\/pages\/854\/revisions\/1161"}],"wp:attachment":[{"href":"https:\/\/teatrodamaluca.pt\/index.php\/wp-json\/wp\/v2\/media?parent=854"}],"curies":[{"name":"wp","href":"https:\/\/api.w.org\/{rel}","templated":true}]}}