{"id":810,"date":"2025-01-03T19:03:24","date_gmt":"2025-01-03T19:03:24","guid":{"rendered":"https:\/\/teatrodamaluca.pt\/?page_id=810"},"modified":"2025-01-04T19:32:17","modified_gmt":"2025-01-04T19:32:17","slug":"team-building-e-formacoes","status":"publish","type":"page","link":"https:\/\/teatrodamaluca.pt\/index.php\/team-building-e-formacoes\/","title":{"rendered":"TEAM BUILDING E FORMA\u00c7\u00d5ES PARA EMPRESAS"},"content":{"rendered":"\n<h2 class=\"wp-block-heading\">TEAM BUILDING E FORMA\u00c7\u00d5ES PARA EMPRESAS<\/h2>\n\n\n\n<p style=\"line-height:1.6\">No Teatro da Maluca desenh\u00e1mos sess\u00f5es de Team Building e Forma\u00e7\u00f5es de T\u00e9cnicas de Voz para falar em p\u00fablico de acordo com os objetivos de cada empresa e dos desafios a que se prop\u00f5em.<\/p>\n\n\n\n<div class=\"wp-block-columns TEAM BUILDING has-raft-accent-secondary-color has-text-color has-link-color wp-elements-bfa5f94a1c21bd07600beff53bcc42ea is-layout-flex wp-container-core-columns-is-layout-28f84493 wp-block-columns-is-layout-flex\" id=\"TEAMBUILDING\" style=\"border-style:none;border-width:0px\">\n<div class=\"wp-block-column is-layout-flow wp-block-column-is-layout-flow\">\n<figure class=\"wp-block-image aligncenter size-large has-custom-border wp-duotone-unset-1\" style=\"margin-top:0;margin-right:0;margin-bottom:0;margin-left:0\"><img loading=\"lazy\" decoding=\"async\" width=\"1024\" height=\"501\" src=\"https:\/\/teatrodamaluca.pt\/wp-content\/uploads\/2024\/10\/foto-empresa-1024x501.jpg\" alt=\"TEAM BUILDING\" class=\"wp-image-372\" style=\"border-width:7px\" srcset=\"https:\/\/teatrodamaluca.pt\/wp-content\/uploads\/2024\/10\/foto-empresa-1024x501.jpg 1024w, https:\/\/teatrodamaluca.pt\/wp-content\/uploads\/2024\/10\/foto-empresa-300x147.jpg 300w, https:\/\/teatrodamaluca.pt\/wp-content\/uploads\/2024\/10\/foto-empresa-768x376.jpg 768w, https:\/\/teatrodamaluca.pt\/wp-content\/uploads\/2024\/10\/foto-empresa.jpg 1154w\" sizes=\"auto, (max-width: 1024px) 100vw, 1024px\" \/><figcaption class=\"wp-element-caption\"><em><a href=\"https:\/\/teatrodamaluca.pt\/index.php\/team-building-na-maluca\/\"><strong>TEAM BUILDING NO TEATRO DA MALUCA<\/strong><\/a><\/em><\/figcaption><\/figure>\n<\/div>\n\n\n\n<div class=\"wp-block-column is-layout-flow wp-block-column-is-layout-flow\">\n<figure class=\"wp-block-image aligncenter size-large is-resized has-custom-border\"><img loading=\"lazy\" decoding=\"async\" width=\"1024\" height=\"683\" src=\"https:\/\/teatrodamaluca.pt\/wp-content\/uploads\/2024\/12\/IMG_1261-Aprimorado-NR-1024x683.jpg\" alt=\"T\u00e9cnicas de Voz para Falar em p\u00fablico\" class=\"wp-image-465\" style=\"border-width:7px;width:342px;height:auto\" srcset=\"https:\/\/teatrodamaluca.pt\/wp-content\/uploads\/2024\/12\/IMG_1261-Aprimorado-NR-1024x683.jpg 1024w, https:\/\/teatrodamaluca.pt\/wp-content\/uploads\/2024\/12\/IMG_1261-Aprimorado-NR-300x200.jpg 300w, https:\/\/teatrodamaluca.pt\/wp-content\/uploads\/2024\/12\/IMG_1261-Aprimorado-NR-768x512.jpg 768w, https:\/\/teatrodamaluca.pt\/wp-content\/uploads\/2024\/12\/IMG_1261-Aprimorado-NR-1536x1024.jpg 1536w, https:\/\/teatrodamaluca.pt\/wp-content\/uploads\/2024\/12\/IMG_1261-Aprimorado-NR-2048x1365.jpg 2048w\" sizes=\"auto, (max-width: 1024px) 100vw, 1024px\" \/><figcaption class=\"wp-element-caption\"><a href=\"https:\/\/teatrodamaluca.pt\/index.php\/tecnicas-de-voz-para-falar-em-publico\/\"><em><strong>T\u00c9CNICAS DE VOZ PARA FALAR EM P\u00daBLICO<\/strong><\/em><\/a><strong><em> <\/em><\/strong><\/figcaption><\/figure>\n<\/div>\n<\/div>\n\n\n\n<p><\/p>\n","protected":false},"excerpt":{"rendered":"<p>TEAM BUILDING E FORMA\u00c7\u00d5ES PARA EMPRESAS No Teatro da Maluca desenh\u00e1mos sess\u00f5es de Team Building e Forma\u00e7\u00f5es de T\u00e9cnicas de Voz para falar em p\u00fablico de acordo com os objetivos de cada empresa e dos desafios a que se prop\u00f5em.<\/p>\n","protected":false},"author":1,"featured_media":0,"parent":0,"menu_order":0,"comment_status":"closed","ping_status":"closed","template":"","meta":{"_themeisle_gutenberg_block_has_review":false,"footnotes":""},"class_list":["post-810","page","type-page","status-publish","hentry"],"yoast_head":"<!-- This site is optimized with the Yoast SEO plugin v25.1 - https:\/\/yoast.com\/wordpress\/plugins\/seo\/ -->\n<title>TEAM BUILDING E FORMA\u00c7\u00d5ES PARA EMPRESAS - Teatro da Maluca<\/title>\n<meta name=\"description\" content=\"Team Building e Forma\u00e7\u00f5es de T\u00e9cnicas de Voz para falar em p\u00fablico de acordo com os objetivos de cada empresa e dos desafios a que se prop\u00f5em.\" \/>\n<meta name=\"robots\" content=\"index, follow, max-snippet:-1, max-image-preview:large, max-video-preview:-1\" \/>\n<link rel=\"canonical\" href=\"https:\/\/teatrodamaluca.pt\/index.php\/team-building-e-formacoes\/\" \/>\n<meta property=\"og:locale\" content=\"pt_PT\" \/>\n<meta property=\"og:type\" content=\"article\" \/>\n<meta property=\"og:title\" content=\"TEAM BUILDING E FORMA\u00c7\u00d5ES PARA EMPRESAS - Teatro da Maluca\" \/>\n<meta property=\"og:description\" content=\"Team Building e Forma\u00e7\u00f5es de T\u00e9cnicas de Voz para falar em p\u00fablico de acordo com os objetivos de cada empresa e dos desafios a que se prop\u00f5em.\" \/>\n<meta property=\"og:url\" content=\"https:\/\/teatrodamaluca.pt\/index.php\/team-building-e-formacoes\/\" \/>\n<meta property=\"og:site_name\" content=\"Teatro da Maluca\" \/>\n<meta property=\"article:publisher\" content=\"https:\/\/www.facebook.com\/TeatrodaMaluca\/\" \/>\n<meta property=\"article:modified_time\" content=\"2025-01-04T19:32:17+00:00\" \/>\n<meta property=\"og:image\" content=\"https:\/\/teatrodamaluca.pt\/wp-content\/uploads\/2024\/10\/foto-empresa.jpg\" \/>\n\t<meta property=\"og:image:width\" content=\"1154\" \/>\n\t<meta property=\"og:image:height\" content=\"565\" \/>\n\t<meta property=\"og:image:type\" content=\"image\/jpeg\" \/>\n<meta name=\"twitter:card\" content=\"summary_large_image\" \/>\n<meta name=\"twitter:label1\" content=\"Tempo estimado de leitura\" \/>\n\t<meta name=\"twitter:data1\" content=\"1 minuto\" \/>\n<script type=\"application\/ld+json\" class=\"yoast-schema-graph\">{\"@context\":\"https:\/\/schema.org\",\"@graph\":[{\"@type\":\"WebPage\",\"@id\":\"https:\/\/teatrodamaluca.pt\/index.php\/team-building-e-formacoes\/\",\"url\":\"https:\/\/teatrodamaluca.pt\/index.php\/team-building-e-formacoes\/\",\"name\":\"TEAM BUILDING E FORMA\u00c7\u00d5ES PARA EMPRESAS - Teatro da Maluca\",\"isPartOf\":{\"@id\":\"https:\/\/teatrodamaluca.pt\/#website\"},\"primaryImageOfPage\":{\"@id\":\"https:\/\/teatrodamaluca.pt\/index.php\/team-building-e-formacoes\/#primaryimage\"},\"image\":{\"@id\":\"https:\/\/teatrodamaluca.pt\/index.php\/team-building-e-formacoes\/#primaryimage\"},\"thumbnailUrl\":\"https:\/\/teatrodamaluca.pt\/wp-content\/uploads\/2024\/10\/foto-empresa-1024x501.jpg\",\"datePublished\":\"2025-01-03T19:03:24+00:00\",\"dateModified\":\"2025-01-04T19:32:17+00:00\",\"description\":\"Team Building e Forma\u00e7\u00f5es de T\u00e9cnicas de Voz para falar em p\u00fablico de acordo com os objetivos de cada empresa e dos desafios a que se prop\u00f5em.\",\"breadcrumb\":{\"@id\":\"https:\/\/teatrodamaluca.pt\/index.php\/team-building-e-formacoes\/#breadcrumb\"},\"inLanguage\":\"pt-PT\",\"potentialAction\":[{\"@type\":\"ReadAction\",\"target\":[\"https:\/\/teatrodamaluca.pt\/index.php\/team-building-e-formacoes\/\"]}]},{\"@type\":\"ImageObject\",\"inLanguage\":\"pt-PT\",\"@id\":\"https:\/\/teatrodamaluca.pt\/index.php\/team-building-e-formacoes\/#primaryimage\",\"url\":\"https:\/\/teatrodamaluca.pt\/wp-content\/uploads\/2024\/10\/foto-empresa.jpg\",\"contentUrl\":\"https:\/\/teatrodamaluca.pt\/wp-content\/uploads\/2024\/10\/foto-empresa.jpg\",\"width\":1154,\"height\":565,\"caption\":\"TEAM BUILDING\"},{\"@type\":\"BreadcrumbList\",\"@id\":\"https:\/\/teatrodamaluca.pt\/index.php\/team-building-e-formacoes\/#breadcrumb\",\"itemListElement\":[{\"@type\":\"ListItem\",\"position\":1,\"name\":\"In\u00edcio\",\"item\":\"https:\/\/teatrodamaluca.pt\/\"},{\"@type\":\"ListItem\",\"position\":2,\"name\":\"TEAM BUILDING E FORMA\u00c7\u00d5ES PARA EMPRESAS\"}]},{\"@type\":\"WebSite\",\"@id\":\"https:\/\/teatrodamaluca.pt\/#website\",\"url\":\"https:\/\/teatrodamaluca.pt\/\",\"name\":\"Teatro da Maluca\",\"description\":\"Oficinas de Teatro para todas as idades, sess\u00f5es de contos e espet\u00e1culos\",\"publisher\":{\"@id\":\"https:\/\/teatrodamaluca.pt\/#organization\"},\"potentialAction\":[{\"@type\":\"SearchAction\",\"target\":{\"@type\":\"EntryPoint\",\"urlTemplate\":\"https:\/\/teatrodamaluca.pt\/?s={search_term_string}\"},\"query-input\":{\"@type\":\"PropertyValueSpecification\",\"valueRequired\":true,\"valueName\":\"search_term_string\"}}],\"inLanguage\":\"pt-PT\"},{\"@type\":\"Organization\",\"@id\":\"https:\/\/teatrodamaluca.pt\/#organization\",\"name\":\"Teatro da Maluca\",\"url\":\"https:\/\/teatrodamaluca.pt\/\",\"logo\":{\"@type\":\"ImageObject\",\"inLanguage\":\"pt-PT\",\"@id\":\"https:\/\/teatrodamaluca.pt\/#\/schema\/logo\/image\/\",\"url\":\"https:\/\/teatrodamaluca.pt\/wp-content\/uploads\/2024\/06\/z1717082033-1.png\",\"contentUrl\":\"https:\/\/teatrodamaluca.pt\/wp-content\/uploads\/2024\/06\/z1717082033-1.png\",\"width\":512,\"height\":512,\"caption\":\"Teatro da Maluca\"},\"image\":{\"@id\":\"https:\/\/teatrodamaluca.pt\/#\/schema\/logo\/image\/\"},\"sameAs\":[\"https:\/\/www.facebook.com\/TeatrodaMaluca\/\"]}]}<\/script>\n<!-- \/ Yoast SEO plugin. -->","yoast_head_json":{"title":"TEAM BUILDING E FORMA\u00c7\u00d5ES PARA EMPRESAS - Teatro da Maluca","description":"Team Building e Forma\u00e7\u00f5es de T\u00e9cnicas de Voz para falar em p\u00fablico de acordo com os objetivos de cada empresa e dos desafios a que se prop\u00f5em.","robots":{"index":"index","follow":"follow","max-snippet":"max-snippet:-1","max-image-preview":"max-image-preview:large","max-video-preview":"max-video-preview:-1"},"canonical":"https:\/\/teatrodamaluca.pt\/index.php\/team-building-e-formacoes\/","og_locale":"pt_PT","og_type":"article","og_title":"TEAM BUILDING E FORMA\u00c7\u00d5ES PARA EMPRESAS - Teatro da Maluca","og_description":"Team Building e Forma\u00e7\u00f5es de T\u00e9cnicas de Voz para falar em p\u00fablico de acordo com os objetivos de cada empresa e dos desafios a que se prop\u00f5em.","og_url":"https:\/\/teatrodamaluca.pt\/index.php\/team-building-e-formacoes\/","og_site_name":"Teatro da Maluca","article_publisher":"https:\/\/www.facebook.com\/TeatrodaMaluca\/","article_modified_time":"2025-01-04T19:32:17+00:00","og_image":[{"width":1154,"height":565,"url":"https:\/\/teatrodamaluca.pt\/wp-content\/uploads\/2024\/10\/foto-empresa.jpg","type":"image\/jpeg"}],"twitter_card":"summary_large_image","twitter_misc":{"Tempo estimado de leitura":"1 minuto"},"schema":{"@context":"https:\/\/schema.org","@graph":[{"@type":"WebPage","@id":"https:\/\/teatrodamaluca.pt\/index.php\/team-building-e-formacoes\/","url":"https:\/\/teatrodamaluca.pt\/index.php\/team-building-e-formacoes\/","name":"TEAM BUILDING E FORMA\u00c7\u00d5ES PARA EMPRESAS - Teatro da Maluca","isPartOf":{"@id":"https:\/\/teatrodamaluca.pt\/#website"},"primaryImageOfPage":{"@id":"https:\/\/teatrodamaluca.pt\/index.php\/team-building-e-formacoes\/#primaryimage"},"image":{"@id":"https:\/\/teatrodamaluca.pt\/index.php\/team-building-e-formacoes\/#primaryimage"},"thumbnailUrl":"https:\/\/teatrodamaluca.pt\/wp-content\/uploads\/2024\/10\/foto-empresa-1024x501.jpg","datePublished":"2025-01-03T19:03:24+00:00","dateModified":"2025-01-04T19:32:17+00:00","description":"Team Building e Forma\u00e7\u00f5es de T\u00e9cnicas de Voz para falar em p\u00fablico de acordo com os objetivos de cada empresa e dos desafios a que se prop\u00f5em.","breadcrumb":{"@id":"https:\/\/teatrodamaluca.pt\/index.php\/team-building-e-formacoes\/#breadcrumb"},"inLanguage":"pt-PT","potentialAction":[{"@type":"ReadAction","target":["https:\/\/teatrodamaluca.pt\/index.php\/team-building-e-formacoes\/"]}]},{"@type":"ImageObject","inLanguage":"pt-PT","@id":"https:\/\/teatrodamaluca.pt\/index.php\/team-building-e-formacoes\/#primaryimage","url":"https:\/\/teatrodamaluca.pt\/wp-content\/uploads\/2024\/10\/foto-empresa.jpg","contentUrl":"https:\/\/teatrodamaluca.pt\/wp-content\/uploads\/2024\/10\/foto-empresa.jpg","width":1154,"height":565,"caption":"TEAM BUILDING"},{"@type":"BreadcrumbList","@id":"https:\/\/teatrodamaluca.pt\/index.php\/team-building-e-formacoes\/#breadcrumb","itemListElement":[{"@type":"ListItem","position":1,"name":"In\u00edcio","item":"https:\/\/teatrodamaluca.pt\/"},{"@type":"ListItem","position":2,"name":"TEAM BUILDING E FORMA\u00c7\u00d5ES PARA EMPRESAS"}]},{"@type":"WebSite","@id":"https:\/\/teatrodamaluca.pt\/#website","url":"https:\/\/teatrodamaluca.pt\/","name":"Teatro da Maluca","description":"Oficinas de Teatro para todas as idades, sess\u00f5es de contos e espet\u00e1culos","publisher":{"@id":"https:\/\/teatrodamaluca.pt\/#organization"},"potentialAction":[{"@type":"SearchAction","target":{"@type":"EntryPoint","urlTemplate":"https:\/\/teatrodamaluca.pt\/?s={search_term_string}"},"query-input":{"@type":"PropertyValueSpecification","valueRequired":true,"valueName":"search_term_string"}}],"inLanguage":"pt-PT"},{"@type":"Organization","@id":"https:\/\/teatrodamaluca.pt\/#organization","name":"Teatro da Maluca","url":"https:\/\/teatrodamaluca.pt\/","logo":{"@type":"ImageObject","inLanguage":"pt-PT","@id":"https:\/\/teatrodamaluca.pt\/#\/schema\/logo\/image\/","url":"https:\/\/teatrodamaluca.pt\/wp-content\/uploads\/2024\/06\/z1717082033-1.png","contentUrl":"https:\/\/teatrodamaluca.pt\/wp-content\/uploads\/2024\/06\/z1717082033-1.png","width":512,"height":512,"caption":"Teatro da Maluca"},"image":{"@id":"https:\/\/teatrodamaluca.pt\/#\/schema\/logo\/image\/"},"sameAs":["https:\/\/www.facebook.com\/TeatrodaMaluca\/"]}]}},"_links":{"self":[{"href":"https:\/\/teatrodamaluca.pt\/index.php\/wp-json\/wp\/v2\/pages\/810","targetHints":{"allow":["GET"]}}],"collection":[{"href":"https:\/\/teatrodamaluca.pt\/index.php\/wp-json\/wp\/v2\/pages"}],"about":[{"href":"https:\/\/teatrodamaluca.pt\/index.php\/wp-json\/wp\/v2\/types\/page"}],"author":[{"embeddable":true,"href":"https:\/\/teatrodamaluca.pt\/index.php\/wp-json\/wp\/v2\/users\/1"}],"replies":[{"embeddable":true,"href":"https:\/\/teatrodamaluca.pt\/index.php\/wp-json\/wp\/v2\/comments?post=810"}],"version-history":[{"count":5,"href":"https:\/\/teatrodamaluca.pt\/index.php\/wp-json\/wp\/v2\/pages\/810\/revisions"}],"predecessor-version":[{"id":934,"href":"https:\/\/teatrodamaluca.pt\/index.php\/wp-json\/wp\/v2\/pages\/810\/revisions\/934"}],"wp:attachment":[{"href":"https:\/\/teatrodamaluca.pt\/index.php\/wp-json\/wp\/v2\/media?parent=810"}],"curies":[{"name":"wp","href":"https:\/\/api.w.org\/{rel}","templated":true}]}}